 -51b5c4 (base 15) in base 12?
-137497a
What is 71654 (base 10) in base 13?
267cb
-45360436 (base 8) to base 11
-55a9870
Convert 12076524 (base 8) to base 4.
22013311110
Convert -6869716 (base 11) to base 12.
-4037167
Convert -123441304 (base 5) to base 14.
-11bcca
What is -94b1 (base 12) in base 6?
-203141
-16206198 (base 10) to base 3
-1010111100201120
Convert 2cd47 (base 15) to base 2.
100011010101100110
Convert -4a074a7 (base 12) to base 16.
-dc69ff
Convert -111110001011010001 (base 2) to base 7.
-2110326
What is -2c0a6e (base 16) in base 12?
-b72352
Convert -71fb5 (base 16) to base 5.
-104414434
608045 (base 10) to base 4
2110130231
Convert -111000111111110100 (base 2) to base 6.
-5000500
What is -2023012003 (base 4) in base 6?
-20113351
What is -13323332001 (base 4) in base 11?
-11a1242
Convert 6931b (base 12) to base 13.
4bbba
Convert -1011010001110011000010 (base 2) to base 12.
-ba6b16
What is 18d06a (base 16) in base 13?
44c279
Convert 2161564 (base 7) to base 13.
94798
-1012120210200 (base 3) to base 13
-195c18
-3133434 (base 5) to base 9
-78747
Convert 38369 (base 15) to base 3.
100010102200
-4421210 (base 7) to base 6
-15350122
What is 5740011 (base 9) in base 14?
5a8802
Convert -5149c (base 13) to base 16.
-2398f
What is 101002220221110 (base 3) in base 15?
711a59
Convert -1003144053 (base 6) to base 4.
-213001323201
-106a7b (base 16) to base 8
-4065173
What is 1ecb8 (base 16) in base 9?
212021
-2310642 (base 7) to base 6
-10103220
Convert 18b0434 (base 14) to base 2.
101110110000000100101110
234105 (base 10) to base 4
321021321
What is -1022023 (base 7) in base 3?
-20020221021
What is -224101 (base 8) in base 5?
-4411331
What is -1436401 (base 7) in base 8?
-573437
Convert -322123111013 (base 4) to base 9.
-31734005
6929cc (base 13) to base 6
125215522
Convert 10111001001001110 (base 2) to base 4.
113021032
Convert 102221044 (base 5) to base 14.
b2764
10328735 (base 9) to base 11
28a1332
Convert 141230313 (base 5) to base 13.
1c5b6b
6927 (base 13) to base 12
8640
Convert -826b5 (base 12) to base 6.
-3352345
What is 133244222 (base 5) in base 4?
2212103203
120122221120 (base 3) to base 9
518846
-10201010220 (base 3) to base 5
-4314010
What is -7788940 (base 10) in base 15?
-a3cc7a
What is -17013 (base 14) in base 10?
-57641
What is 46684c (base 13) in base 2?
110010111111111100000
What is 512a924 (base 11) in base 13?
1b53c83
What is 142121151 (base 6) in base 9?
5414544
Convert -18c30c (base 15) to base 10.
-1205562
-242463 (base 13) to base 9
-1553366
What is 1001111100100011100110 (base 2) in base 5?
1131413314
Convert -7755721 (base 8) to base 4.
-13331233101
Convert d78eb (base 16) to base 2.
11010111100011101011
67504 (base 9) to base 10
44878
662050 (base 10) to base 5
132141200
Convert -11308 (base 14) to base 9.
-63245
3323211 (base 6) to base 12
80507
What is 75b63 (base 14) in base 2?
1000101100011001011
Convert 70074142 (base 8) to base 15.
1458ba7
Convert -13120032130 (base 4) to base 14.
-384c7a
179247 (base 10) to base 16
2bc2f
Convert -10011011010111110 (base 2) to base 10.
-79550
-22d2a (base 15) to base 7
-641341
What is 1435422 (base 6) in base 3?
11012200212
Convert 95d27e (base 16) to base 10.
9818750
Convert -506153 (base 10) to base 11.
-31630a
Convert 1644b6a (base 12) to base 3.
22121012112201
Convert 149269 (base 11) to base 10.
231911
-3550a (base 12) to base 7
-415453
Convert -33002311112 (base 4) to base 11.
-2254012
Convert 135746 (base 12) to base 8.
1162346
Convert 181395 (base 11) to base 10.
279977
What is -584604 (base 9) in base 12?
-14b257
-101011011101110010110011 (base 2) to base 5
-10404103402
Convert -322210132021 (base 4) to base 12.
-5185321
Convert 33373 (base 13) to base 5.
10433000
Convert -1121573 (base 8) to base 9.
-513002
-82025 (base 11) to base 6
-2322413
6a878 (base 12) to base 9
237062
What is 4966a (base 13) in base 14?
37355
What is 3455334 (base 11) in base 13?
1335a7a
-41343041 (base 5) to base 15
-6acd1
What is 194194 (base 10) in base 6?
4055014
Convert b96a (base 12) to base 4.
10332202
-101010100111010110011 (base 2) to base 14
-284c71
Convert -1753c6 (base 13) to base 15.
-b7a84
-1203ac5 (base 15) to base 2
-110001010010110001001111
What is 124230144 (base 5) in base 7?
5151302
a9349 (base 14) to base 16
63fa5
Convert 21200102221 (base 3) to base 13.
53aa9
What is 301224430 (base 5) in base 11?
747313
Convert -27b6c8 (base 16) to base 10.
-2602696
Convert -acf8c (base 16) to base 15.
-dedcc
What is 3330011332 (base 4) in base 7?
11530264
What is 404133000 (base 6) in base 3?
111000102220000
What is -836757 (base 10) in base 8?
-3142225
Convert 1416ab (base 16) to base 6.
44115003
1355672 (base 12) to base 7
44455046
1501302 (base 9) to base 4
3022010030
200213311100 (base 4) to base 8
40476520
Convert -631916 (base 11) to base 12.
-40a04a
Convert -1416655 (base 7) to base 13.
-68440
What is 69e60 (base 15) in base 16?
525d5
What is 2b6229 (base 13) in base 3?
2000101012012
1243113 (base 6) to base 3
10110101200
1102202001121 (base 3) to base 16
ba2d1
Convert a541 (base 11) to base 7.
55462
-1414321 (base 5) to base 10
-29336
15b961 (base 15) to base 14
1d5405
What is 1518861 (base 13) in base 11?
3887a88
What is 707434 (base 13) in base 11?
1526889
Convert -32b7 (base 16) to base 8.
-31267
911072 (base 12) to base 14
42c502
-1462 (base 12) to base 16
-94a
What is -1011000010110000111110 (base 2) in base 7?
-33414654
47696 (base 12) to base 3
11212201020
What is 32416501 (base 7) in base 2?
1010100110001100000100
Convert -3600410 (base 8) to base 5.
-222431204
3103002303 (base 4) to base 11
540510
Convert 1760521 (base 8) to base 15.
a303d
What is -388465 (base 10) in base 7?
-3205360
1010100101101110100 (base 2) to base 9
577881
What is 142361 (base 9) in base 13?
30811
What is 29ac6 (base 13) in base 8?
231633
What is 111011100 (base 3) in base 10?
9594
What is 5185b6 (base 16) in base 5?
2331431041
What is -4711563 (base 9) in base 6?
-130331003
What is 18771757 (base 9) in base 16?
90e24b
Convert -5547 (base 11) to base 5.
-213221
-31201114 (base 6) to base 10
-902278
What is -1312046 (base 8) in base 5?
-43144411
-5924a6 (base 12) to base 8
-5362476
What is 1202464 (base 8) in base 14?
87c8c
What is -431530 (base 10) in base 8?
-1512652
What is 102231111123 (base 4) in base 3?
100020011102010
What is -153e1c (base 15) in base 13?
-29bbab
What is 10012112202 (base 3) in base 10?
63092
What is 233232130 (base 5) in base 14?
1dc3bd
13646343 (base 9) to base 8
31627766
Convert -280a92 (base 13) to base 5.
-222113013
What is 2055140 (base 6) in base 14?
28ad6
What is 1232012101 (base 4) in base 7?
3555520
Convert 150502 (base 11) to base 9.
387148
What is -155132542 (base 6) in base 12?
-1144152
3dd1f7 (base 16) to base 10
4051447
Convert 155a81 (base 11) to base 13.
86327
1843a6 (base 11) to base 2
1000101010101001110
-6734a2 (base 12) to base 4
-12101113322
6cca0 (base 16) to base 8
1546240
What is -10111000000100110001 (base 2) in base 7?
-6260106
872465 (base 10) to base 4
3111000101
-36624626 (base 7) to base 15
-44ced8
1000101101101010110 (base 2) to base 7
2266303
2922172 (base 13) to base 9
26510784
What is -111011000010101100 (base 2) in base 14?
-641c0
20220201000 (base 3) to base 8
411653
Convert -14374662 (base 9) to base 6.
-412533345
What is -252345 (base 9) in base 2?
-100101010001000101
-1b42cb (base 14) to base 9
-1741231
5a124 (base 12) to base 7
1013104
Convert -202205100 (base 6) to base 11.
-1a5a51a
Convert -28051ba (base 13) to base 11.
-7150079
Convert -202103032 (base 4) to base 2.
-100010010011001110
7f270 (base 16) to base 15
a44b1
What is 150391 (base 11) in base 8?
712337
Convert -2c042 (base 15) to base 14.
-39976
-12030012300 (base 4) to base 11
-a08a73
Convert -188111 (base 11) to base 13.
-a16a9
Convert 31c96 (base 16) to base 4.
301302112
What is -120120110001 (base 3) in base 11?
-19a311
Convert 455323 (base 7) to base 6.
1423304
Convert -130220103 (base 4) to base 13.
-414b7
-230555 (base 16) to base 3
-11022121022122
-331355 (base 8) to base 5
-12030331
Convert -30a09 (base 12) to base 11.
-43910
Convert 3154100 (base 6) to base 3.
21212210100
What is 306483 (base 14) in base 11?
a142a8
31552320 (base 6) to base 8
3435030
What is